est common divisor of 1626 and 13460841.
813
What is the greatest common factor of 24 and 34920824?
8
What is the greatest common factor of 351 and 25163775?
117
What is the highest common divisor of 14874200 and 37400?
2200
Calculate the greatest common factor of 177695 and 3125.
5
What is the highest common factor of 35964795 and 64650?
6465
Calculate the greatest common divisor of 896 and 81159680.
896
Calculate the greatest common divisor of 505267488 and 132.
132
Calculate the highest common divisor of 719674124 and 5772.
1924
What is the highest common factor of 1114 and 13633689?
557
Calculate the highest common divisor of 13680 and 871872.
912
What is the highest common factor of 39 and 1664034?
3
Calculate the highest common divisor of 48 and 1581968.
16
Calculate the greatest common divisor of 76260 and 4315200.
1860
Calculate the greatest common factor of 5291 and 267119021.
481
What is the greatest common divisor of 1344 and 3281376?
672
What is the greatest common divisor of 11 and 2739066?
11
What is the highest common divisor of 3699242 and 2390?
478
Calculate the highest common factor of 1647258184 and 104.
104
Calculate the greatest common factor of 1649 and 101.
1
What is the highest common factor of 2052 and 12312418?
38
Calculate the greatest common factor of 575 and 48629015.
115
Calculate the greatest common divisor of 70087212 and 104.
52
Calculate the highest common factor of 846 and 21457333.
47
What is the highest common factor of 13268 and 4669801?
107
Calculate the highest common divisor of 36 and 38399880.
12
What is the highest common divisor of 873 and 7653882?
291
What is the highest common divisor of 23136360 and 273?
39
Calculate the greatest common factor of 892415 and 9945.
85
What is the greatest common divisor of 2050 and 337553?
41
What is the highest common factor of 15447872 and 47168?
704
Calculate the greatest common divisor of 270 and 83917296.
54
What is the highest common factor of 1023 and 98221299?
1023
What is the greatest common factor of 10735 and 11536735?
565
What is the greatest common factor of 82151412 and 119?
119
What is the greatest common factor of 1295904 and 96?
96
What is the highest common divisor of 4080 and 460496?
272
What is the greatest common divisor of 4559 and 1052236?
47
Calculate the greatest common divisor of 22142841 and 5467.
497
Calculate the highest common factor of 1181756214 and 11436.
5718
What is the greatest common factor of 18 and 3190272?
6
What is the highest common divisor of 2907441 and 108?
27
Calculate the greatest common divisor of 945574097 and 581.
83
Calculate the greatest common divisor of 35719630 and 2920.
730
What is the greatest common factor of 1485 and 17121645?
135
Calculate the highest common divisor of 506644 and 26266.
46
Calculate the greatest common factor of 1962764 and 8688.
724
What is the highest common divisor of 36452 and 81?
1
What is the highest common factor of 1853253 and 486?
27
What is the greatest common factor of 219 and 7706610?
219
What is the highest common divisor of 8066 and 12561574?
74
Calculate the greatest common divisor of 182018980 and 1320.
220
What is the highest common divisor of 572 and 58206434?
286
Calculate the highest common divisor of 16247057 and 134111.
3271
Calculate the highest common divisor of 2996 and 1784974.
214
What is the greatest common factor of 3438810 and 27360?
1710
Calculate the highest common divisor of 5358264 and 195432.
408
Calculate the highest common factor of 21940 and 71860.
20
What is the highest common divisor of 10064 and 30507758?
1258
Calculate the greatest common factor of 17976 and 1601790.
642
What is the greatest common divisor of 190975 and 2735?
5
Calculate the greatest common factor of 152 and 71085992.
152
Calculate the greatest common divisor of 10059049 and 637.
91
What is the greatest common factor of 3664 and 1590919792?
3664
Calculate the highest common factor of 12 and 123834.
6
Calculate the highest common factor of 225615 and 12585846.
3471
What is the highest common factor of 17388 and 333342?
54
Calculate the highest common divisor of 58129312 and 294560.
8416
Calculate the greatest common factor of 47144220 and 60.
60
Calculate the greatest common factor of 1400249954 and 681.
227
What is the highest common factor of 103531002 and 4734?
1578
Calculate the highest common divisor of 9734868 and 12688.
3172
Calculate the highest common factor of 2095848 and 1296.
216
Calculate the highest common divisor of 216 and 9482280.
24
What is the highest common divisor of 20 and 273348410?
10
What is the greatest common factor of 8595 and 292680?
45
What is the highest common divisor of 341933 and 1301855?
3137
What is the highest common divisor of 385 and 2638895?
35
Calculate the greatest common factor of 141307314 and 4842.
1614
Calculate the highest common factor of 623 and 3506167.
7
What is the greatest common factor of 92320 and 2285?
5
Calculate the highest common factor of 2250 and 30677250.
750
Calculate the highest common divisor of 311331796 and 76.
76
What is the highest common divisor of 12 and 7765676?
4
Calculate the greatest common divisor of 4681527 and 3545.
709
What is the highest common divisor of 744752 and 256?
16
Calculate the greatest common divisor of 28797 and 1559127.
87
What is the greatest common factor of 6291540 and 400?
20
What is the highest common factor of 139949236 and 11928?
1988
Calculate the greatest common divisor of 182192 and 347156.
236
Calculate the highest common divisor of 41342078 and 6064.
758
What is the greatest common factor of 2514 and 4041255?
1257
Calculate the highest common factor of 11373 and 64107.
51
What is the highest common divisor of 83897 and 61977002?
7627
Calculate the greatest common divisor of 7319140 and 62116.
1172
What is the highest common factor of 984 and 60174552?
984
What is the highest common divisor of 8916 and 791648668?
2972
Calculate the greatest common factor of 26 and 89347934.
26
Calculate the greatest common factor of 93704 and 230984.
104
Calculate the greatest common factor of 1629 and 70407.
9
Calculate the greatest common factor of 4667273 and 4901.
169
What is the highest common divisor of 71497 and 724033?
1007
Calculate the greatest common divisor of 18304 and 118417.
13
What is the highest common factor of 180459040 and 320?
160
Calculate the greatest common factor of 108 and 19134366.
6
Calculate the highest common divisor of 40 and 592356580.
20
What is the greatest common factor of 63 and 159127299?
9
What is the highest common divisor of 9881913 and 3111?
51
Calculate the highest common divisor of 189584 and 16208.
16
Calculate the highest common divisor of 557258 and 12064.
26
Calculate the greatest common divisor of 103107739 and 21.
7
What is the greatest common factor of 82637215 and 7780?
1945
What is the greatest common factor of 234 and 12191517?
117
Calculate the highest common factor of 121014 and 9963.
243
What is the highest common divisor of 29846160 and 6435?
45
What is the greatest common factor of 5145 and 7400400?
105
What is the greatest common factor of 797568 and 3180?
12
What is the greatest common divisor of 37098 and 9756?
18
What is the greatest common factor of 10194481 and 942?
157
What is the highest common factor of 130762000 and 300?
100
What is the highest common factor of 664 and 7683476?
332
Calculate the highest common factor of 587860626 and 372.
186
What is the highest common divisor of 11950 and 11265026?
478
What is the highest common factor of 1872 and 52302?
6
What is the greatest common factor of 76 and 230617706?
38
What is the highest common divisor of 715828 and 27537?
67
Calculate the highest common divisor of 8655273 and 495.
99
What is the highest common divisor of 17690 and 24237910?
290
What is the greatest common divisor of 3042 and 5839326?
18
What is the greatest common factor of 104 and 40811849?
13
What is the highest common divisor of 16410604 and 109?
109
What is the greatest common factor of 33222416 and 45904?
2416
Calculate the highest common factor of 94144175 and 575.
575
What is the greatest common divisor of 3473535 and 2813655?
9165
What is the greatest common divisor of 2658622 and 177278?
274
Calculate t